{"id":2700,"date":"2023-10-04T20:53:33","date_gmt":"2023-10-04T20:53:33","guid":{"rendered":"https:\/\/www.mexhaus.com\/Mayoreo\/?page_id=2700"},"modified":"2023-10-05T19:03:54","modified_gmt":"2023-10-05T19:03:54","slug":"preguntas-frecuentes","status":"publish","type":"page","link":"https:\/\/www.mexhaus.com\/Mayoreo\/preguntas-frecuentes\/","title":{"rendered":"Preguntas frecuentes"},"content":{"rendered":"<p>[et_pb_section fb_built=\u00bb1&#8243; _builder_version=\u00bb4.19.0&#8243; _module_preset=\u00bbdefault\u00bb global_colors_info=\u00bb{}\u00bb][et_pb_row _builder_version=\u00bb4.19.0&#8243; _module_preset=\u00bbdefault\u00bb global_colors_info=\u00bb{}\u00bb][et_pb_column type=\u00bb4_4&#8243; _builder_version=\u00bb4.19.0&#8243; _module_preset=\u00bbdefault\u00bb global_colors_info=\u00bb{}\u00bb][et_pb_text _builder_version=\u00bb4.19.0&#8243; _module_preset=\u00bbdefault\u00bb global_colors_info=\u00bb{}\u00bb]<\/p>\n<h1 style=\"text-align: center;\"><strong>Preguntas frecuentes<\/strong><\/h1>\n<p>[\/et_pb_text][et_pb_accordion _builder_version=\u00bb4.19.0&#8243; _module_preset=\u00bbdefault\u00bb hover_enabled=\u00bb0&#8243; global_colors_info=\u00bb{}\u00bb sticky_enabled=\u00bb0&#8243;][et_pb_accordion_item title=\u00bb\u00bfQu\u00e9 formas de pago aceptan?\u00bb _builder_version=\u00bb4.19.0&#8243; _module_preset=\u00bbdefault\u00bb global_colors_info=\u00bb{}\u00bb open=\u00bbon\u00bb]<\/p>\n<p><span style=\"font-weight: 400;\">Tarjetas de cr\u00e9dito o d\u00e9bito, Paypal, pago en Oxxo, Transferencia SPEI y KueskiPay.\u00a0<\/span><span style=\"font-weight: 400;\"><br \/><\/span><\/p>\n<p>[\/et_pb_accordion_item][et_pb_accordion_item title=\u00bb\u00bfCu\u00e1l es su horario de atenci\u00f3n al cliente?\u00bb _builder_version=\u00bb4.19.0&#8243; _module_preset=\u00bbdefault\u00bb global_colors_info=\u00bb{}\u00bb open=\u00bboff\u00bb]<\/p>\n<p><span style=\"font-weight: 400;\">Nuestro equipo de servicio al cliente est\u00e1 disponible :<\/span><\/p>\n<p><span style=\"font-weight: 400;\">Lunes a Jueves 8 am a 6 pm<br \/>Viernes 8 am a 5 pm<br \/>S\u00e1bados 10 am a 2 pm<br \/><\/span><\/p>\n<p><span style=\"font-weight: 400;\">Contacto: Si tienes alguna duda, cont\u00e1ctanos a nuestro correo\u00a0hola@mexhaus.com, por <a href=\"https:\/\/wa.me\/message\/3PKOVA3RIYSQA1\">whatsapp<\/a>\u00a0 o llamando al +52 (33) 3687 8183.<\/span><\/p>\n<p>[\/et_pb_accordion_item][et_pb_accordion_item title=\u00bb\u00bfManejan alguna garant\u00eda?\u00bb _builder_version=\u00bb4.19.0&#8243; _module_preset=\u00bbdefault\u00bb global_colors_info=\u00bb{}\u00bb open=\u00bboff\u00bb]<\/p>\n<p><span style=\"font-weight: 400;\">Una vez que recibes tu pedido<\/span><span style=\"font-weight: 400;\">\ud83d\udce6<\/span><span style=\"font-weight: 400;\"> cuentas con una garant\u00eda de 30 d\u00edas naturales por cualquier situaci\u00f3n<\/span><span style=\"font-weight: 400;\">\ud83e\udd17<\/span><span style=\"font-weight: 400;\"> (sujeto a revisi\u00f3n). Para que podamos cambiarte tu producto recuerda que necesitamos evidencia (fotos y videos), si sufre alg\u00fan da\u00f1o con la paqueteria es necesario avisar en el momento que se recibe <\/span><span style=\"font-weight: 400;\">\ud83d\ude9a\ud83d\udcf2<\/span><\/p>\n<p>[\/et_pb_accordion_item][et_pb_accordion_item title=\u00bb\u00bfCu\u00e1nto cuesta el env\u00edo?\u00bb _builder_version=\u00bb4.19.0&#8243; _module_preset=\u00bbdefault\u00bb global_colors_info=\u00bb{}\u00bb open=\u00bboff\u00bb]<\/p>\n<p><span style=\"font-weight: 400;\">Si eres parte de nuestra familia de distribuidores a partir de $3,000 de inversi\u00f3n tendr\u00e1s env\u00edos sin costo. Si tu pedido es menor a $3,000, el env\u00edo tiene un costo de $190.<\/span><span style=\"font-weight: 400;\"><br \/><\/span><span style=\"font-weight: 400;\"><br \/><\/span><span style=\"font-weight: 400;\">Para compras personales tenemos env\u00edos gratis a partir de los $599.<\/span><\/p>\n<p>[\/et_pb_accordion_item][et_pb_accordion_item title=\u00bb\u00bfCu\u00e1nto tarda el env\u00edo?\u00bb _builder_version=\u00bb4.19.0&#8243; _module_preset=\u00bbdefault\u00bb global_colors_info=\u00bb{}\u00bb open=\u00bboff\u00bb]<\/p>\n<p><span style=\"font-weight: 400;\">Los env\u00edos suelen tardar de 4 a 6 d\u00edas h\u00e1biles.<\/span><\/p>\n<p>[\/et_pb_accordion_item][et_pb_accordion_item title=\u00bb\u00bfRealizan env\u00edos fuera de M\u00e9xico?\u00bb _builder_version=\u00bb4.19.0&#8243; _module_preset=\u00bbdefault\u00bb global_colors_info=\u00bb{}\u00bb open=\u00bboff\u00bb]<\/p>\n<p><span style=\"font-weight: 400;\">Si, tenemos env\u00edos a cualquier pa\u00eds que no tenga restricciones.\u00a0<\/span><\/p>\n<p>[\/et_pb_accordion_item][et_pb_accordion_item title=\u00bb\u00bfPor qu\u00e9 sus productos tienen sellos?\u00bb _builder_version=\u00bb4.19.0&#8243; _module_preset=\u00bbdefault\u00bb global_colors_info=\u00bb{}\u00bb open=\u00bboff\u00bb]<\/p>\n<p><span style=\"font-weight: 400;\">Los sellos est\u00e1n basados en la NOM-051 y nos ayudan a saber cu\u00e1ndo el contenido de alg\u00fan ingrediente es alto. El \u201cexceso de\u201d se basa en cantidades de 100 gramos.<\/span><\/p>\n<p><span style=\"font-weight: 400;\">No significa que sean malos o da\u00f1inos, sino que son para tomar conciencia de las cantidades que consumimos.<\/span><\/p>\n<p>[\/et_pb_accordion_item][et_pb_accordion_item title=\u00bb\u00bfCon qu\u00e9 paqueter\u00edas trabajan?\u00bb _builder_version=\u00bb4.19.0&#8243; _module_preset=\u00bbdefault\u00bb global_colors_info=\u00bb{}\u00bb open=\u00bboff\u00bb]<\/p>\n<p>Elegimos la paqueter\u00eda seg\u00fan tu c\u00f3digo postal, puede ser Estafeta o Fedex.\u00a0<\/p>\n<p>[\/et_pb_accordion_item][et_pb_accordion_item title=\u00bb\u00bfQu\u00e9 es Kueski Pay?\u00bb open=\u00bboff\u00bb _builder_version=\u00bb4.19.0&#8243; _module_preset=\u00bbdefault\u00bb link_option_url=\u00bbhttps:\/\/preguntas.frecuentes.kueski.com\/hc\/es\/categories\/14632860970907-Kueski-Pay\u00bb link_option_url_new_window=\u00bbon\u00bb hover_enabled=\u00bb0&#8243; global_colors_info=\u00bb{}\u00bb sticky_enabled=\u00bb0&#8243;]<\/p>\n<p><span>Kueski Pay, es una\u00a0<\/span><b>forma de pago digital que te permite comprar en l\u00ednea sin necesidad de contar con una tarjeta de cr\u00e9dito<\/b><span>.<\/span><\/p>\n<p>Con Kueski Pay puedes:<\/p>\n<ul>\n<li>Realizar tus compras y pagarlas despu\u00e9s.<\/li>\n<li>Diferir tus pagos a quincenas.<\/li>\n<\/ul>\n<p>*Todas las solicitudes est\u00e1n sujetas a aprobaci\u00f3n y los resultados pueden variar.<\/p>\n<p><a href=\"https:\/\/preguntas.frecuentes.kueski.com\/hc\/es\/categories\/14632860970907-Kueski-Pay\" target=\"_blank\" rel=\"noopener\">M\u00e1s informaci\u00f3n aqu\u00ed<\/a><\/p>\n<p><span>\u00a0<\/span><\/p>\n<p>[\/et_pb_accordion_item][\/et_pb_accordion][\/et_pb_column][\/et_pb_row][\/et_pb_section]<\/p>\n","protected":false},"excerpt":{"rendered":"<p>Preguntas frecuentesTarjetas de cr\u00e9dito o d\u00e9bito, Paypal, pago en Oxxo, Transferencia SPEI y KueskiPay.\u00a0Nuestro equipo de servicio al cliente est\u00e1 disponible : Lunes a Jueves 8 am a 6 pmViernes 8 am a 5 pmS\u00e1bados 10 am a 2 pm Contacto: Si tienes alguna duda, cont\u00e1ctanos a nuestro correo\u00a0hola@mexhaus.com, por whatsapp\u00a0 o llamando al +52 [&hellip;]<\/p>\n","protected":false},"author":1,"featured_media":0,"parent":0,"menu_order":0,"comment_status":"closed","ping_status":"closed","template":"","meta":{"_et_pb_use_builder":"on","_et_pb_old_content":"","_et_gb_content_width":"","_joinchat":[],"footnotes":""},"class_list":["post-2700","page","type-page","status-publish","hentry"],"yoast_head":"<!-- This site is optimized with the Yoast SEO plugin v26.4 - https:\/\/yoast.com\/wordpress\/plugins\/seo\/ -->\n<title>Preguntas frecuentes - Mexhaus<\/title>\n<meta name=\"description\" content=\"Todos nuestros productos son escogidos por nuestro equipo buscando siempre lo mejor que nos da la madre tierra.\" \/>\n<meta name=\"robots\" content=\"index, follow, max-snippet:-1, max-image-preview:large, max-video-preview:-1\" \/>\n<link rel=\"canonical\" href=\"https:\/\/www.mexhaus.com\/Mayoreo\/preguntas-frecuentes\/\" \/>\n<meta property=\"og:locale\" content=\"es_ES\" \/>\n<meta property=\"og:type\" content=\"article\" \/>\n<meta property=\"og:title\" content=\"Preguntas frecuentes - Mexhaus\" \/>\n<meta property=\"og:description\" content=\"Todos nuestros productos son escogidos por nuestro equipo buscando siempre lo mejor que nos da la madre tierra.\" \/>\n<meta property=\"og:url\" content=\"https:\/\/www.mexhaus.com\/Mayoreo\/preguntas-frecuentes\/\" \/>\n<meta property=\"og:site_name\" content=\"Mexhaus\" \/>\n<meta property=\"article:modified_time\" content=\"2023-10-05T19:03:54+00:00\" \/>\n<meta name=\"twitter:card\" content=\"summary_large_image\" \/>\n<meta name=\"twitter:label1\" content=\"Tiempo de lectura\" \/>\n\t<meta name=\"twitter:data1\" content=\"3 minutos\" \/>\n<script type=\"application\/ld+json\" class=\"yoast-schema-graph\">{\"@context\":\"https:\/\/schema.org\",\"@graph\":[{\"@type\":\"WebPage\",\"@id\":\"https:\/\/www.mexhaus.com\/Mayoreo\/preguntas-frecuentes\/\",\"url\":\"https:\/\/www.mexhaus.com\/Mayoreo\/preguntas-frecuentes\/\",\"name\":\"Preguntas frecuentes - Mexhaus\",\"isPartOf\":{\"@id\":\"https:\/\/www.mexhaus.com\/Mayoreo\/#website\"},\"datePublished\":\"2023-10-04T20:53:33+00:00\",\"dateModified\":\"2023-10-05T19:03:54+00:00\",\"description\":\"Todos nuestros productos son escogidos por nuestro equipo buscando siempre lo mejor que nos da la madre tierra.\",\"breadcrumb\":{\"@id\":\"https:\/\/www.mexhaus.com\/Mayoreo\/preguntas-frecuentes\/#breadcrumb\"},\"inLanguage\":\"es\",\"potentialAction\":[{\"@type\":\"ReadAction\",\"target\":[\"https:\/\/www.mexhaus.com\/Mayoreo\/preguntas-frecuentes\/\"]}]},{\"@type\":\"BreadcrumbList\",\"@id\":\"https:\/\/www.mexhaus.com\/Mayoreo\/preguntas-frecuentes\/#breadcrumb\",\"itemListElement\":[{\"@type\":\"ListItem\",\"position\":1,\"name\":\"Portada\",\"item\":\"https:\/\/www.mexhaus.com\/Mayoreo\/\"},{\"@type\":\"ListItem\",\"position\":2,\"name\":\"Preguntas frecuentes\"}]},{\"@type\":\"WebSite\",\"@id\":\"https:\/\/www.mexhaus.com\/Mayoreo\/#website\",\"url\":\"https:\/\/www.mexhaus.com\/Mayoreo\/\",\"name\":\"Mexhaus\",\"description\":\"&iexcl;Los snacks son sagrados!\",\"publisher\":{\"@id\":\"https:\/\/www.mexhaus.com\/Mayoreo\/#organization\"},\"potentialAction\":[{\"@type\":\"SearchAction\",\"target\":{\"@type\":\"EntryPoint\",\"urlTemplate\":\"https:\/\/www.mexhaus.com\/Mayoreo\/?s={search_term_string}\"},\"query-input\":{\"@type\":\"PropertyValueSpecification\",\"valueRequired\":true,\"valueName\":\"search_term_string\"}}],\"inLanguage\":\"es\"},{\"@type\":\"Organization\",\"@id\":\"https:\/\/www.mexhaus.com\/Mayoreo\/#organization\",\"name\":\"Mexhaus\",\"url\":\"https:\/\/www.mexhaus.com\/Mayoreo\/\",\"logo\":{\"@type\":\"ImageObject\",\"inLanguage\":\"es\",\"@id\":\"https:\/\/www.mexhaus.com\/Mayoreo\/#\/schema\/logo\/image\/\",\"url\":\"http:\/\/www.mexhaus.com\/Mayoreo\/wp-content\/uploads\/2021\/01\/Logo-mexhaus.png\",\"contentUrl\":\"http:\/\/www.mexhaus.com\/Mayoreo\/wp-content\/uploads\/2021\/01\/Logo-mexhaus.png\",\"width\":925,\"height\":397,\"caption\":\"Mexhaus\"},\"image\":{\"@id\":\"https:\/\/www.mexhaus.com\/Mayoreo\/#\/schema\/logo\/image\/\"}}]}<\/script>\n<!-- \/ Yoast SEO plugin. -->","yoast_head_json":{"title":"Preguntas frecuentes - Mexhaus","description":"Todos nuestros productos son escogidos por nuestro equipo buscando siempre lo mejor que nos da la madre tierra.","robots":{"index":"index","follow":"follow","max-snippet":"max-snippet:-1","max-image-preview":"max-image-preview:large","max-video-preview":"max-video-preview:-1"},"canonical":"https:\/\/www.mexhaus.com\/Mayoreo\/preguntas-frecuentes\/","og_locale":"es_ES","og_type":"article","og_title":"Preguntas frecuentes - Mexhaus","og_description":"Todos nuestros productos son escogidos por nuestro equipo buscando siempre lo mejor que nos da la madre tierra.","og_url":"https:\/\/www.mexhaus.com\/Mayoreo\/preguntas-frecuentes\/","og_site_name":"Mexhaus","article_modified_time":"2023-10-05T19:03:54+00:00","twitter_card":"summary_large_image","twitter_misc":{"Tiempo de lectura":"3 minutos"},"schema":{"@context":"https:\/\/schema.org","@graph":[{"@type":"WebPage","@id":"https:\/\/www.mexhaus.com\/Mayoreo\/preguntas-frecuentes\/","url":"https:\/\/www.mexhaus.com\/Mayoreo\/preguntas-frecuentes\/","name":"Preguntas frecuentes - Mexhaus","isPartOf":{"@id":"https:\/\/www.mexhaus.com\/Mayoreo\/#website"},"datePublished":"2023-10-04T20:53:33+00:00","dateModified":"2023-10-05T19:03:54+00:00","description":"Todos nuestros productos son escogidos por nuestro equipo buscando siempre lo mejor que nos da la madre tierra.","breadcrumb":{"@id":"https:\/\/www.mexhaus.com\/Mayoreo\/preguntas-frecuentes\/#breadcrumb"},"inLanguage":"es","potentialAction":[{"@type":"ReadAction","target":["https:\/\/www.mexhaus.com\/Mayoreo\/preguntas-frecuentes\/"]}]},{"@type":"BreadcrumbList","@id":"https:\/\/www.mexhaus.com\/Mayoreo\/preguntas-frecuentes\/#breadcrumb","itemListElement":[{"@type":"ListItem","position":1,"name":"Portada","item":"https:\/\/www.mexhaus.com\/Mayoreo\/"},{"@type":"ListItem","position":2,"name":"Preguntas frecuentes"}]},{"@type":"WebSite","@id":"https:\/\/www.mexhaus.com\/Mayoreo\/#website","url":"https:\/\/www.mexhaus.com\/Mayoreo\/","name":"Mexhaus","description":"&iexcl;Los snacks son sagrados!","publisher":{"@id":"https:\/\/www.mexhaus.com\/Mayoreo\/#organization"},"potentialAction":[{"@type":"SearchAction","target":{"@type":"EntryPoint","urlTemplate":"https:\/\/www.mexhaus.com\/Mayoreo\/?s={search_term_string}"},"query-input":{"@type":"PropertyValueSpecification","valueRequired":true,"valueName":"search_term_string"}}],"inLanguage":"es"},{"@type":"Organization","@id":"https:\/\/www.mexhaus.com\/Mayoreo\/#organization","name":"Mexhaus","url":"https:\/\/www.mexhaus.com\/Mayoreo\/","logo":{"@type":"ImageObject","inLanguage":"es","@id":"https:\/\/www.mexhaus.com\/Mayoreo\/#\/schema\/logo\/image\/","url":"http:\/\/www.mexhaus.com\/Mayoreo\/wp-content\/uploads\/2021\/01\/Logo-mexhaus.png","contentUrl":"http:\/\/www.mexhaus.com\/Mayoreo\/wp-content\/uploads\/2021\/01\/Logo-mexhaus.png","width":925,"height":397,"caption":"Mexhaus"},"image":{"@id":"https:\/\/www.mexhaus.com\/Mayoreo\/#\/schema\/logo\/image\/"}}]}},"_links":{"self":[{"href":"https:\/\/www.mexhaus.com\/Mayoreo\/wp-json\/wp\/v2\/pages\/2700","targetHints":{"allow":["GET"]}}],"collection":[{"href":"https:\/\/www.mexhaus.com\/Mayoreo\/wp-json\/wp\/v2\/pages"}],"about":[{"href":"https:\/\/www.mexhaus.com\/Mayoreo\/wp-json\/wp\/v2\/types\/page"}],"author":[{"embeddable":true,"href":"https:\/\/www.mexhaus.com\/Mayoreo\/wp-json\/wp\/v2\/users\/1"}],"replies":[{"embeddable":true,"href":"https:\/\/www.mexhaus.com\/Mayoreo\/wp-json\/wp\/v2\/comments?post=2700"}],"version-history":[{"count":10,"href":"https:\/\/www.mexhaus.com\/Mayoreo\/wp-json\/wp\/v2\/pages\/2700\/revisions"}],"predecessor-version":[{"id":2761,"href":"https:\/\/www.mexhaus.com\/Mayoreo\/wp-json\/wp\/v2\/pages\/2700\/revisions\/2761"}],"wp:attachment":[{"href":"https:\/\/www.mexhaus.com\/Mayoreo\/wp-json\/wp\/v2\/media?parent=2700"}],"curies":[{"name":"wp","href":"https:\/\/api.w.org\/{rel}","templated":true}]}}